834 is divided by 21?
4
What is the remainder when 84310 is divided by 167?
142
Calculate the remainder when 117 is divided by 27.
9
What is the remainder when 29924 is divided by 58?
54
What is the remainder when 86494 is divided by 1138?
6
Calculate the remainder when 2309 is divided by 1005.
299
What is the remainder when 1667 is divided by 206?
19
What is the remainder when 938 is divided by 183?
23
What is the remainder when 11187 is divided by 11161?
26
Calculate the remainder when 464669 is divided by 358.
343
Calculate the remainder when 196183 is divided by 21798.
1
What is the remainder when 1233231 is divided by 62?
51
What is the remainder when 62617 is divided by 375?
367
Calculate the remainder when 5264 is divided by 37.
10
Calculate the remainder when 718 is divided by 28.
18
What is the remainder when 1265 is divided by 414?
23
Calculate the remainder when 332988 is divided by 1982.
12
What is the remainder when 51629 is divided by 25812?
5
What is the remainder when 14004 is divided by 124?
116
What is the remainder when 8858 is divided by 418?
80
Calculate the remainder when 5984 is divided by 996.
8
What is the remainder when 476833 is divided by 158?
147
Calculate the remainder when 816 is divided by 356.
104
What is the remainder when 2053 is divided by 100?
53
Calculate the remainder when 8775 is divided by 521.
439
What is the remainder when 7589 is divided by 262?
253
Calculate the remainder when 7269 is divided by 86.
45
What is the remainder when 9427 is divided by 3127?
46
Calculate the remainder when 16919 is divided by 93.
86
Calculate the remainder when 1899502 is divided by 386.
382
Calculate the remainder when 39266 is divided by 39261.
5
What is the remainder when 2680 is divided by 196?
132
Calculate the remainder when 3426 is divided by 67.
9
What is the remainder when 86256 is divided by 227?
223
Calculate the remainder when 5824 is divided by 655.
584
What is the remainder when 1599406 is divided by 522?
520
What is the remainder when 970 is divided by 543?
427
What is the remainder when 227695 is divided by 198?
193
Calculate the remainder when 19488 is divided by 54.
48
Calculate the remainder when 1016 is divided by 287.
155
Calculate the remainder when 8729 is divided by 4341.
47
Calculate the remainder when 7203 is divided by 223.
67
What is the remainder when 17304 is divided by 30?
24
What is the remainder when 2767 is divided by 2502?
265
What is the remainder when 48475 is divided by 2423?
15
What is the remainder when 24355 is divided by 8?
3
What is the remainder when 6629 is divided by 91?
77
What is the remainder when 16637 is divided by 3066?
1307
Calculate the remainder when 3078 is divided by 358.
214
Calculate the remainder when 169941 is divided by 71.
38
Calculate the remainder when 38219 is divided by 12717.
68
What is the remainder when 104033 is divided by 26006?
9
Calculate the remainder when 53877 is divided by 510.
327
What is the remainder when 51260 is divided by 361?
359
What is the remainder when 247879 is divided by 53?
51
What is the remainder when 148821 is divided by 262?
5
What is the remainder when 82006 is divided by 166?
2
What is the remainder when 57077 is divided by 302?
301
What is the remainder when 185234 is divided by 132?
38
Calculate the remainder when 255275 is divided by 36.
35
What is the remainder when 16121 is divided by 3221?
16
Calculate the remainder when 5721 is divided by 1430.
1
What is the remainder when 59990 is divided by 594?
590
Calculate the remainder when 1197 is divided by 437.
323
What is the remainder when 1466 is divided by 724?
18
Calculate the remainder when 158 is divided by 79.
0
Calculate the remainder when 106975 is divided by 169.
167
Calculate the remainder when 28049 is divided by 26.
21
Calculate the remainder when 67698 is divided by 79.
74
What is the remainder when 973023 is divided by 118?
113
What is the remainder when 16842 is divided by 1680?
42
What is the remainder when 116805 is divided by 52?
13
What is the remainder when 11190 is divided by 5452?
286
Calculate the remainder when 8588 is divided by 78.
8
What is the remainder when 21855 is divided by 106?
19
Calculate the remainder when 487 is divided by 9.
1
Calculate the remainder when 3797 is divided by 214.
159
What is the remainder when 17427 is divided by 250?
177
What is the remainder when 2462 is divided by 180?
122
What is the remainder when 463880 is divided by 463865?
15
Calculate the remainder when 666980 is divided by 26.
2
What is the remainder when 192406 is divided by 185?
6
What is the remainder when 21253 is divided by 10621?
11
What is the remainder when 184909 is divided by 69?
58
What is the remainder when 6602 is divided by 760?
522
Calculate the remainder when 9954 is divided by 13.
9
What is the remainder when 271278 is divided by 40?
38
Calculate the remainder when 64788 is divided by 160.
148
Calculate the remainder when 6228 is divided by 83.
3
What is the remainder when 4211 is divided by 44?
31
Calculate the remainder when 4059 is divided by 4014.
45
What is the remainder when 95585 is divided by 39?
35
Calculate the remainder when 19876 is divided by 4962.
28
What is the remainder when 287797 is divided by 25?
22
What is the remainder when 5240 is divided by 373?
18
Calculate the remainder when 10880 is divided by 165.
155
Calculate the remainder when 14686 is divided by 4718.
532
Calculate the remainder when 58536 is divided by 237.
234
Calculate the remainder when 134511 is divided by 85.
41
Calculate the remainder when 118588 is divided by 354.
352
Calculate the remainder when 609 is divided by 139.
53
What is the remainder when 112472 is divided by 326?
2
What is the remainder when 4127 is divided by 996?
143
What is the remainder when 73062 is divided by 102?
30
What is the remainder when 7074 is divided by 712?
666
What is the remainder when 80687 is divided by 269?
256
Calculate the remainder when 7831 is divided by 93.
19
What is the remainder when 384928 is divided by 34?
14
What is the remainder when 1784 is divided by 1?
0
What is the remainder when 30096 is divided by 14?
10
What is the remainder when 2495 is divided by 81?
65
What is the remainder when 871789 is divided by 66?
61
What is the remainder when 572677 is divided by 20?
17
Calculate the remainder when 221761 is divided by 383.
4
What is the remainder when 12085 is divided by 12076?
9
What is the remainder when 20901 is divided by 538?
457
What is the remainder when 49489 is divided by 98?
97
What is the remainder when 79588 is divided by 100?
88
What is the remainder when 27412 is divided by 128?
20
What is the remainder when 2672 is divided by 292?
44
What is the remainder when 1613 is divided by 247?
131
What is the remainder when 794 is divided by 489?
305
Calculate the remainder when 7970 is divided by 49.
32
What is the remainder when 45651 is divided by 45640?
11
Calculate the remainder when 10447 is divided by 1741.
1
Calculate the remainder when 62921 is divided by 219.
68
What is the remainder when 6615 is divided by 487?
284
What is the remainder when 289712 is divided by 34?
32
What is the remainder when 4026 is divided by 62?
58
What is the remainder when 141126 is divided by 23516?
30
What is the remainder when 94509 is divided by 48?
45
Calculate the remainder when 6983 is divided by 45.
8
Calculate the remainder when 55638 is divided by 55624.
14
Calculate the remainder when 335102 is divided by 44.
42
Calculate the remainder when 58089 is divided by 321.
309
What is the remainder when 234114 is divided by 50?
14
Calculate the remainder when 1429 is divided by 241.
224
Calculate the remainder when 5083 is divided by 449.
144
What is the remainder when 4234 is divided by 1404?
22
Calculate the remainder when 6615 is divided by 93.
12
Calculate the remainder when 163185 is divided by 108.
105
Calculate the remainder when 27736 is divided by 46.
44
Calculate the remainder when 9993 is divided by 58.
17
Calculate the remainder when 19822 is divided by 19774.
48
What is the remainder when 142063 is divided by 221?
181
What is the remainder when 4940 is divided by 262?
224
Calculate the remainder when 1563 is divided by 98.
93
Calculate the remainder w